+ 5*t - 5*t - 3*t + 10*t. What is the units digit of s(1)?
8
Let u = 14543 - 7593. What is the units digit of u?
0
Suppose -70*t + 51839 = -31*t - 44881. What is the tens digit of t?
8
Let s be 12 + (-2)/2 - -2. Suppose -r - s*r - 14 = 0. What is the hundreds digit of 1802/12 - r/(-6)?
1
Suppose -560 = -7*u + 105. What is the tens digit of u?
9
Let j = -1971 - -9180. What is the hundreds digit of j?
2
Let w = -3474 + 4895. Suppose 0 = -37*x + 44*x - w. What is the units digit of x?
3
Let b(w) = 261*w**2 + 203*w - 5. What is the ten thousands digit of b(-11)?
2
Suppose -4*b + 2*b - 2*b = 0. Suppose -2*t + 3*o = -6*t + 3568, b = 3*t - 2*o - 2676. What is the units digit of t?
2
What is the thousands digit of 175 + -171 - -23176*4?
2
Let f(w) = 197*w - 2026. What is the tens digit of f(11)?
4
Let m = 1630 + 2500. What is the tens digit of -5 + 3/(21/m)?
8
Suppose -5*f + j = -20, -4*f - 3*j + 16 = 2*j. Suppose 1 + 9 = c - 4*n, f*c - 5*n - 18 = 0. Suppose -2*i + 432 = c*i. What is the tens digit of i?
0
Let b(w) be the second derivative of -31*w**5/20 - w**4/12 - w**3/2 - 2*w**2 + 3*w - 2. What is the hundreds digit of b(-2)?
2
Let m be (-273)/42*8/(-26). Suppose 181 = 2*b + s - 2*s, -2*s = -m*b + 182. What is the units digit of b?
0
Let z(v) = -3*v**3 - v**2 + 2*v + 3. Let p be z(-1). Suppose 3*l - 2*h - 322 = 865, -384 = -l + p*h. What is the hundreds digit of l?
3
Let v(s) = s**2 - 8*s - 701. What is the units digit of v(-23)?
2
What is the units digit of (-283499)/(-10) - (764/(-40) + 19)?
0
Let h(j) = -j**3 - 19*j**2 + 19*j - 14. Let u be h(-20). Let s be (u - 12)*(-2)/6. Suppose -3*c - s*c + 405 = 0. What is the units digit of c?
1
Let d(i) = -4*i - 17. Suppose 4*u = w - 34, -u = w + 4*u - 16. Let s = w + -32. What is the units digit of d(s)?
7
Suppose -37*n - 7*n + 266943 = 5319. What is the tens digit of n?
4
Suppose -4*i - 16294 = 5*u, u - 16306 = 2*i + 2*i. What is the units digit of (-2)/6 - i/6?
9
Let a be (-2)/12*4 - 130/(-6). Suppose 2*h + a = -899. What is the units digit of h/30*(-6)/4?
3
Let x(f) be the first derivative of 13/3*f**3 - 17/2*f**2 + 1/4*f**4 - 10 + 8*f. What is the units digit of x(-14)?
0
Let i(j) = j**2 + 4*j + 5. Let k be i(-5). Let w be ((-18)/4 - -2)/(k/(-8)). What is the tens digit of (-12)/(-18) - (208/(-3) - w)?
7
Suppose a = 11*t - 10*t + 8, 32 = 5*a - 3*t. Suppose 0 = -x - 3*i + 744, 0 = 4*i + 8 - a. What is the tens digit of x?
4
What is the units digit of 47009403/7938 + (-13)/(-14) + -1?
2
Let y = 676 - 399. Suppose -y = -4*u + 263. Let i = 202 - u. What is the tens digit of i?
6
Suppose -7*j + 2845706 = 9*j + 22*j. What is the units digit of j?
7
Suppose -17*p + 568041 = 133895. What is the hundreds digit of p?
5
Let z be ((-14)/(-56))/((-4)/(-48)). What is the hundreds digit of 111*z*8/6?
4
Let d = 16176 - 6458. What is the units digit of d?
8
Let o(l) = 120*l**2 + 26*l - 209. What is the hundreds digit of o(8)?
6
Suppose u + 2*o = 5598 + 32043, 3*o + 18 = 0. What is the units digit of u?
3
Suppose 32*x + 57 = 35*x. Suppose 0 = x*g + 19*g - 1710. What is the units digit of g?
5
Let g(z) = 26*z**2 - 6*z - 13. Let n be g(-4). Suppose -22*m + 9755 - n = 0. What is the hundreds digit of m?
4
Let j = 3601 - 2947. What is the tens digit of j?
5
Let g(n) = 7*n**3 - n. Let t = -52 - -51. Let x be g(t). What is the units digit of (-3 + x + 16)*(16 - -1)?
9
Let n(q) = 11*q**2 + 2*q - 42. What is the units digit of n(-7)?
3
Let b(l) = -2*l**2 - 9*l + 1. Let i be b(-4). Suppose -17 - 8 = -i*f. Suppose f*t - 156 = 2*t. What is the units digit of t?
2
Suppose -5*l + 3*j = 1410, -13*l = -8*l - 2*j + 1405. Let x = 116 - l. What is the hundreds digit of x?
3
Suppose 3*m - 5*d - 3358 = 0, 0*d + 2 = 2*d. Suppose -a - 4*a = -2*b - 1863, 3*a - m = -2*b. What is the units digit of a?
3
Let w(q) = 12*q**2 + 188*q - 216. What is the thousands digit of w(43)?
0
Let f = 479 - 743. Let y = f - -456. What is the hundreds digit of y?
1
Suppose -390 = -5*g + 11*g. Let u = -58 - g. What is the hundreds digit of (8 - u)/(2/226)?
1
Suppose -6*w + 58736 = 4*a - 2*w, -3*w = -4*a + 58701. Suppose 33*s - a = 12*s. What is the hundreds digit of s?
6
Let q(f) = 32*f**2 - 3815*f**3 + 3816*f**3 + 16*f - 20 - 13*f**2. What is the units digit of q(-16)?
2
Let w(c) = 3*c**2 - 21*c + 127. Let q be ((-12)/18)/(-1*(-4)/(-60)). What is the units digit of w(q)?
7
Suppose 4*s + 2*h = 186, 0 = -s + 3*h - 0*h + 57. Suppose -6*t = i - 2*t - 38, -t = 2*i - s. Let a = i + 53. What is the units digit of a?
5
Suppose -7*m + 10*m + 6 = 0. Let h be m + 1/1 - -6. Let z(q) = 5*q + 1. What is the tens digit of z(h)?
2
Suppose -5*m = -10*m - 10, -4*m = -5*f + 113. Suppose f*i = -17*i + 21774. What is the units digit of i?
3
Suppose -19*r + 324 = 8*r. Suppose -17*x - r*x = -11629. What is the tens digit of x?
0
Suppose 2*p + 5 + 1 = 0. Let q(o) be the first derivative of -o**4/2 + 5*o**3/3 + 3*o**2/2 - 3*o - 148. What is the tens digit of q(p)?
8
Let c = 104 - 104. Let o be -3*(2 - 3 - c). Suppose 90 = v + 5*y, y - 83 = -v + o*y. What is the units digit of v?
5
What is the hundreds digit of (-8)/(-76) + (-7)/133*116 + 21534?
5
Suppose -422*i = -465*i + 359222. What is the tens digit of i?
5
Let r(d) = 3*d**2 - 3*d - 16. Let w be r(0). What is the tens digit of -14 - w - (-8)/12*1923?
8
Suppose -5 = 2*s - 5. Suppose 17*r - 21*r + 1568 = s. What is the units digit of ((-1)/2)/((-7)/r)?
8
Suppose -2*r = -l - 2, -3*l - 25 = -r + 6. What is the tens digit of ((-57)/(-2))/((-6)/l)?
5
Let l(y) = -5*y + 7. Suppose -9 = 4*u - b + 27, -u + 3*b - 9 = 0. What is the tens digit of l(u)?
5
Let y = 7178 - -3333. What is the units digit of y?
1
Suppose 3*f - 4*f + 2*t = 3, 2*f + t - 19 = 0. Suppose -y + 0*y + 4*r + 9 = 0, -3*r + 23 = y. Let m = y - f. What is the units digit of m?
0
Suppose 5922 = 73*w - 71*w. What is the units digit of w?
1
Suppose h = 5*l - 19, -11*h + 9*h - 8 = 0. What is the tens digit of (-4)/(l + 3084/(-1026))?
8
Suppose 28 = -32*o + 34*o. Let m = o - -236. What is the hundreds digit of m?
2
Let n = 6025 + -3379. Suppose 5310 = 4*x - 3*i, 8*x - 3*i = 10*x - n. What is the units digit of x?
6
Let c be 17/(-3) - (-29)/(-87). What is the hundreds digit of 3 + 771 + -1 + c?
7
Suppose -10290 = -f - 3*s, 4*f - 1677 = 5*s + 39449. What is the hundreds digit of f?
2
Suppose -8 = 4*a, -4*i - 3*a = -2*i - 16. What is the hundreds digit of (18/99 - 24/i) + 223?
2
Suppose 792 = -2*a - 3*k, 0 = a - 6*k + 3*k + 414. Let f = 412 - a. What is the hundreds digit of f?
8
What is the tens digit of 6176160/192 + 6*((-7)/(-4) - 2)?
6
Let y be (-4)/(-22) - (1116/(-66))/6. Suppose -10*l - u - 951 = -15*l, 0 = -5*l - y*u + 967. What is the hundreds digit of l?
1
Suppose f - 28073 = -3*x, -52*f + 46765 = 5*x - 55*f. What is the hundreds digit of x?
3
Suppose 0 = -19*c + 701 + 173. What is the tens digit of c?
4
What is the ten thousands digit of (6/4 + 2)/((-46)/(-247204))?
1
What is the thousands digit of ((-16)/152 + 16962/(-228))*-428?
1
Let w(l) = 127*l**2 - 102*l + 3172. What is the tens digit of w(23)?
0
Suppose -5*l + 4*u = 102, 4*u - 9 - 3 = 0. Let f(d) = -15*d - 6. Let m be f(l). Suppose -m - 228 = -4*t. What is the tens digit of t?
2
Let i(v) = 810*v - 682. What is the hundreds digit of i(9)?
6
Let t be (-1613)/(-3) + (-12)/(-36). Suppose -2*c - 4*z + 708 = 0, -5*c + 2335 = z + t. What is the units digit of c?
0
Suppose 94 = -2*i + 5*i - 4*h, 4*h - 58 = -i. Suppose -i*k = -42*k + 8. Suppose -4*a - s + 631 = -2*s, 3*s = k*a - 313. What is the tens digit of a?
5
Let h(a) = -a - 16. Let o(k) = -2*k - 32. Let q(i) = -5*h(i) + 2*o(i). Suppose 14*r + v = 12*r - 21, 5*r = 3*v - 69. What is the units digit of q(r)?
4
Let w(r) = -2*r + 6*r**3 + r - 2*r**3. Let k = -8974 + 8976. What is the tens digit of w(k)?
3
Let c(h) = 2*h**2 - 18*h + 20. Let t be c(8). Suppose 6*q - t*j = q + 1192, -5*q - 3*j = -1171. Suppose -676 = -5*x - q. What is the tens digit of x?
8
Suppose -2*p = 189 - 201, 0 = 5*q - 3*p - 25047. What is the hundreds digit of q?
0
Let n(i) = -8*i**3 - 19*i**2 + 19*i - 21. Let u(d) = 15*d**3 + 38*d**2 - 38*d + 41. Let y(f) = 11*n(f) + 6*u(f). What is the units digit of y(-9)?
7
Suppose -155*i - 341389 + 822531 = -1410168. What is the thousands digit of i?
2
Let a be 